{"id":1579,"date":"2022-03-11T16:53:22","date_gmt":"2022-03-11T19:53:22","guid":{"rendered":"https:\/\/andreavizzotto.adv.br\/?page_id=1579"},"modified":"2022-03-11T16:53:22","modified_gmt":"2022-03-11T19:53:22","slug":"politica-de-privacidade","status":"publish","type":"page","link":"https:\/\/andreavizzotto.adv.br\/index.php\/politica-de-privacidade\/","title":{"rendered":"Pol\u00edtica de privacidade"},"content":{"rendered":"<p><u>Pol\u00edtica de Privacidade do escrit\u00f3rio Andrea Teichmann Vizzotto Advocacia<\/u>.<\/p>\n<p>No escrit\u00f3rio Andrea Teichmann Vizzotto \u2013 Sociedade Individual de Advocacia, CNPJ n. 31.883.604\/0001-57, a privacidade e seguran\u00e7a s\u00e3o prioridades e seus integrantes se comprometem com a transpar\u00eancia do tratamento de dados pessoais dos clientes.<\/p>\n<p>Por isso, editamos a nossa Pol\u00edtica de Privacidade, atualizada de acordo com a normativa legal, estabelece como \u00e9 feita a coleta, uso e transfer\u00eancia de informa\u00e7\u00f5es de clientes.<\/p>\n<p>Ao utilizar nossos servi\u00e7os, coletaremos e usaremos as informa\u00e7\u00f5es pessoais nas formas aqui descritas, sob as normas da Constitui\u00e7\u00e3o Federal de 1988 (art. 5\u00ba, LXXIX; e o art. 22\u00ba, XXX \u2013 inclu\u00eddos pela Emenda Constitucional n. 115\/2022) e das\u00a0normas de Prote\u00e7\u00e3o de Dados (LGPD, Lei Federal n. 13.709\/2018.<\/p>\n<p>Nossa pol\u00edtica de privacidade, a coleta, o uso e armazenamento de dados \u00e9 regida pelas disposi\u00e7\u00f5es abaixo.<\/p>\n<ol>\n<li><strong><u>a) Sobre a coleta, armazenamento e uso dos dados pessoais:<\/u><\/strong><\/li>\n<\/ol>\n<p>A coleta e o uso dos dados pessoais dos clientes ser\u00e3o feitos para viabilizar a presta\u00e7\u00e3o de servi\u00e7os.<\/p>\n<p>Assim, somente ser\u00e3o coletados e utilizados os dados estritamente necess\u00e1rios para o trabalho jur\u00eddico contratado.<\/p>\n<p>A coleta de dados ser\u00e1 realizada na presen\u00e7a do cliente. Em conson\u00e2ncia com a Lei Geral de Prote\u00e7\u00e3o de Dados, os dados s\u00f3 ser\u00e3o coletados, tratados e armazenados mediante pr\u00e9vio e expresso consentimento.<\/p>\n<p>O consentimento \u00e9 a manifesta\u00e7\u00e3o livre, informada e inequ\u00edvoca pela qual voc\u00ea autoriza Andrea Teichmann Vizzotto \u2013 Sociedade Individual de Advocacia a tratar seus dados.<\/p>\n<p>O consentimento expresso ser\u00e1 obtido de forma espec\u00edfica para cada finalidade espec\u00edfica, com o compromisso de transpar\u00eancia e boa-f\u00e9 de Andrea Teichmann Vizzotto \u2013 Sociedade Individual de Advocacia.<\/p>\n<p>A qualquer tempo poder\u00e1 ser revogado o consentimento.\u00a0<\/p>\n<ol>\n<li><strong><u>b) Os direitos dos clientes titulares dos dados pessoais:<\/u><\/strong><\/li>\n<\/ol>\n<p>Andrea Teichmann Vizzotto \u2013 Sociedade Individual de Advocacia assegurar\u00e1 aos seus clientes os direitos de titular previstos no artigo 18 da Lei Geral de Prote\u00e7\u00e3o de Dados. Nesse sentido, a qualquer tempo, poder\u00e1 ser realizada(o):<\/p>\n<ul>\n<li>A confirma\u00e7\u00e3o da exist\u00eancia de tratamento de dados, de maneira simplificada ou em formato claro e completo.<\/li>\n<li>O acesso aos respectivos dados pessoais, podendo haver a solicita\u00e7\u00e3o de c\u00f3pia leg\u00edvel sob forma impressa ou por meio eletr\u00f4nico, seguro e id\u00f4neo.<\/li>\n<li>A corre\u00e7\u00e3o dos dados, ao solicitar a edi\u00e7\u00e3o, corre\u00e7\u00e3o ou atualiza\u00e7\u00e3o destes.<\/li>\n<li>A limita\u00e7\u00e3o dos dados, se desnecess\u00e1rios, excessivos ou tratados em desconformidade com a legisla\u00e7\u00e3o atrav\u00e9s da anonimiza\u00e7\u00e3o, bloqueio ou elimina\u00e7\u00e3o.<\/li>\n<li>A informa\u00e7\u00e3o sobre a possibilidade de n\u00e3o fornecer seu consentimento\u00a0e sobre as consequ\u00eancias da negativa.<\/li>\n<\/ul>\n<ol>\n<li><strong>c) <u>O exerc\u00edcio dos direitos dos clientes titulares dos dados pessoais:<\/u><\/strong><\/li>\n<\/ol>\n<p>Para exercer seus direitos de titular, deve ser feito contato com a\u00a0Andrea Teichmann Vizzotto \u2013 Sociedade Individual de Advocacia por meio do telefone\/ WhatsApp (51) 998119198, ou por e-mail andrea@andreavizzotto.adv.br<\/p>\n<p>De forma a garantir a correta identifica\u00e7\u00e3o como titular dos dados pessoais objeto da solicita\u00e7\u00e3o, \u00e9 poss\u00edvel que solicitemos documentos ou demais comprova\u00e7\u00f5es que possam comprovar a identidade do cliente. Nessa hip\u00f3tese, o cliente ser\u00e1 informado previamente.<\/p>\n<p>Os dados pessoais coletados ser\u00e3o utilizados e armazenados somente o durante o tempo necess\u00e1rio para a presta\u00e7\u00e3o do servi\u00e7o ou para que as finalidades elencadas na presente Pol\u00edtica de Privacidade sejam atingidas, considerando os direitos dos titulares dos dados e dos controladores.<\/p>\n<ol>\n<li><strong><u>d) O armazenamento dos dados pessoais:<\/u><\/strong><\/li>\n<\/ol>\n<p>Os dados ser\u00e3o mantidos enquanto a rela\u00e7\u00e3o contratual com o cliente perdurar. Findado o per\u00edodo de armazenamento dos dados pessoais, estes ser\u00e3o exclu\u00eddos de nossas bases de dados ou anonimizados, ressalvadas as hip\u00f3teses legalmente previstas no artigo 16, da Lei Geral de Prote\u00e7\u00e3o de Dados, a saber:<\/p>\n<p>I \u2013 Cumprimento de obriga\u00e7\u00e3o legal ou regulat\u00f3ria pelo controlador;<\/p>\n<p>II \u2013 Estudo por \u00f3rg\u00e3o de pesquisa, garantida, sempre que poss\u00edvel, a anonimiza\u00e7\u00e3o dos dados pessoais;<\/p>\n<p>III \u2013 Transfer\u00eancia a terceiro, desde que respeitados os requisitos de tratamento de dados dispostos nesta Lei; ou<\/p>\n<p>IV \u2013 Uso exclusivo do controlador, vedado seu acesso por terceiro, e desde que anonimizados os dados.<\/p>\n<p>Ou seja, as informa\u00e7\u00f5es pessoais do cliente que sejam imprescind\u00edveis para o cumprimento de determina\u00e7\u00f5es legais, judiciais e administrativas e\/ou para o exerc\u00edcio do direito de defesa em processos judiciais e administrativos ser\u00e3o mantidas, a despeito da exclus\u00e3o dos demais dados.\u00a0<\/p>\n<p>O armazenamento de dados coletados\u00a0reflete o nosso compromisso com a seguran\u00e7a e privacidade dos seus dados. Empregamos medidas e solu\u00e7\u00f5es t\u00e9cnicas de prote\u00e7\u00e3o aptas a garantir a confidencialidade, integridade e inviolabilidade dos seus dados. Al\u00e9m disso, tamb\u00e9m contamos com medidas de seguran\u00e7a apropriadas aos riscos e com controle de acesso \u00e0s informa\u00e7\u00f5es armazenadas.<\/p>\n<ol>\n<li><strong><u>e) A seguran\u00e7a dos dados pessoais armazenados:<\/u><\/strong><\/li>\n<\/ol>\n<p>Para mantermos suas informa\u00e7\u00f5es pessoais seguras, usamos ferramentas f\u00edsicas, eletr\u00f4nicas e gerenciais orientadas para a prote\u00e7\u00e3o da sua privacidade.<\/p>\n<p>Aplicamos essas ferramentas levando em considera\u00e7\u00e3o a natureza dos dados pessoais coletados, o contexto e a finalidade do tratamento e os riscos que eventuais viola\u00e7\u00f5es gerariam para os direitos e liberdades do titular dos dados coletados e tratados.<\/p>\n<p>Entre as medidas que adotamos, destacamos as seguintes:<\/p>\n<ul>\n<li>Apenas pessoas autorizadas t\u00eam acesso a seus dados pessoais<\/li>\n<li>O acesso a seus dados pessoais \u00e9 feito somente ap\u00f3s o compromisso de confidencialidade<\/li>\n<li>Seus dados pessoais s\u00e3o armazenados em ambiente seguro e id\u00f4neo.<\/li>\n<\/ul>\n<p>A Andrea Teichmann Vizzotto \u2013 Sociedade Individual de Advocacia se compromete a adotar as melhores posturas para evitar incidentes de seguran\u00e7a.<\/p>\n<p>\u00c9 poss\u00edvel que, apesar de todos os nossos protocolos de seguran\u00e7a, problemas de culpa exclusivamente de terceiros ocorram, como ataques cibern\u00e9ticos de <em>hackers<\/em>, ou tamb\u00e9m em decorr\u00eancia da neglig\u00eancia ou imprud\u00eancia do pr\u00f3prio usu\u00e1rio\/cliente.<\/p>\n<p>Em caso de incidentes de seguran\u00e7a que possa gerar risco ou dano relevante aos clientes comunicaremos aos afetados e a Autoridade Nacional de Prote\u00e7\u00e3o de Dados sobre o ocorrido, em conson\u00e2ncia com as disposi\u00e7\u00f5es da Lei Geral de Prote\u00e7\u00e3o de Dados.<\/p>\n<ol>\n<li><strong><u>f) O compartilhamento de dados:<\/u><\/strong><\/li>\n<\/ol>\n<p>N\u00e3o ser\u00e3o compartilhados os dados pessoais com nenhum terceiro n\u00e3o autorizado.<\/p>\n<p>Haver\u00e1 o compartilhamento nas hip\u00f3teses legais, como por exemplo:<\/p>\n<p>&nbsp;<\/p>\n<p><strong><u>FALTOU O EXEMPLO<\/u><\/strong><\/p>\n<p>Al\u00e9m disso, tamb\u00e9m existem outras hip\u00f3teses em que seus dados poder\u00e3o ser compartilhados, que s\u00e3o:<\/p>\n<p>I \u2013 Determina\u00e7\u00e3o legal, requerimento, requisi\u00e7\u00e3o ou ordem judicial, com autoridades judiciais, administrativas ou governamentais competentes.<\/p>\n<p>II \u2013 Caso de movimenta\u00e7\u00f5es societ\u00e1rias, como fus\u00e3o, aquisi\u00e7\u00e3o e incorpora\u00e7\u00e3o, de forma autom\u00e1tica<\/p>\n<p>III \u2013 Prote\u00e7\u00e3o dos direitos da Andrea Teichmann Vizzotto \u2013 Sociedade Individual de Advocacia em qualquer tipo de conflito, inclusive os de teor judicial.<\/p>\n<ol>\n<li><strong><u>g) A altera\u00e7\u00e3o desta Pol\u00edtica de Privacidade:<\/u><\/strong><\/li>\n<\/ol>\n<p>A atual vers\u00e3o da Pol\u00edtica de Privacidade foi formulada e atualizada pela \u00faltima vez em 10 de mar\u00e7o de 2022.<\/p>\n<p>Reservamos o direito de modificar essa Pol\u00edtica de Privacidade a qualquer tempo, principalmente em fun\u00e7\u00e3o da adequa\u00e7\u00e3o a eventuais altera\u00e7\u00f5es feitas em nosso site ou em \u00e2mbito legislativo. Recomendamos que voc\u00ea a revise com frequ\u00eancia.<\/p>\n<p>Eventuais altera\u00e7\u00f5es entrar\u00e3o em vigor a partir de sua publica\u00e7\u00e3o em nosso site e sempre lhe notificaremos acerca das mudan\u00e7as ocorridas.<\/p>\n<ol>\n<li><strong><u>h) A responsabilidade:<\/u><\/strong><\/li>\n<\/ol>\n<p>A Andrea Teichmann Vizzotto \u2013 Sociedade Individual de Advocacia prev\u00ea a responsabilidade dos agentes que atuam nos processos de tratamento de dados, em conformidade com os artigos 42 ao 45, da Lei Geral de Prote\u00e7\u00e3o de Dados.<\/p>\n<p>Nos comprometemos em manter esta Pol\u00edtica de Privacidade atualizada, observando suas disposi\u00e7\u00f5es e zelando por seu cumprimento.<\/p>\n<p>Al\u00e9m disso, tamb\u00e9m assumimos o compromisso de buscar condi\u00e7\u00f5es t\u00e9cnicas e organizativas seguramente aptas a proteger todo o processo de tratamento de dados.<\/p>\n<p>Caso a Autoridade Nacional de Prote\u00e7\u00e3o de Dados exija a ado\u00e7\u00e3o de provid\u00eancias em rela\u00e7\u00e3o ao tratamento de dados,comprometemo-nos a segui-las.<\/p>\n<ol>\n<li><strong><u>i) A isen\u00e7\u00e3o de responsabilidade<\/u><\/strong><\/li>\n<\/ol>\n<p>Embora adotemos elevados padr\u00f5es de seguran\u00e7a a fim de evitar incidentes, n\u00e3o h\u00e1 nenhuma p\u00e1gina virtual inteiramente livre de riscos. Nesse sentido, a Andrea Teichmann Vizzotto \u2013 Sociedade Individual de Advocacia n\u00e3o se responsabiliza por:<\/p>\n<p>I \u2013 Quaisquer consequ\u00eancias decorrentes da neglig\u00eancia, imprud\u00eancia ou imper\u00edcia dos usu\u00e1rios em rela\u00e7\u00e3o a seus dados individuais. Garantimos e nos responsabilizamos apenas pela seguran\u00e7a dos processos de tratamento de dados e do cumprimento das finalidades descritas no presente instrumento.<\/p>\n<p>II \u2013 A\u00e7\u00f5es maliciosas de terceiros, como ataques de<em>hackers<\/em>, exceto se comprovada conduta culposa ou deliberada da Andrea Teichmann Vizzotto \u2013 Sociedade Individual de Advocacia.<\/p>\n<p>III \u2013 Inveracidade das informa\u00e7\u00f5es inseridas pelo cliente nos registros necess\u00e1rios para a utiliza\u00e7\u00e3o dos servi\u00e7os da Andrea Teichmann Vizzotto \u2013 Sociedade Individual de Advocacia. Quaisquer consequ\u00eancias decorrentes de informa\u00e7\u00f5es falsas ou inseridas de m\u00e1-f\u00e9 s\u00e3o de inteiramente responsabilidade do usu\u00e1rio\/cliente.<\/p>\n<ol>\n<li><strong><u>j) Encarregado de Prote\u00e7\u00e3o de Dados:<\/u><\/strong><\/li>\n<\/ol>\n<p>Caso tenha d\u00favidas sobre esta Pol\u00edtica de Privacidade ou sobre os dados pessoais que tratamos, o cliente pode entrar em contato com o nosso Encarregado de Prote\u00e7\u00e3o de Dados Pessoais, atrav\u00e9s dos seguintes canais:<\/p>\n<p>Andrea Teichmann Vizzotto, CPF n. 44409621068. <br \/>\u00a0\u00a0\u00a0\u00a0\u00a0\u00a0 E-mail de contato <a href=\"mailto:andrea@andreavizzotto.adv.br\">andrea@andreavizzotto.adv.br<\/a><\/p>\n","protected":false},"excerpt":{"rendered":"<p>Pol\u00edtica de Privacidade do escrit\u00f3rio Andrea Teichmann Vizzotto Advocacia. No escrit\u00f3rio Andrea Teichmann Vizzotto \u2013 Sociedade Individual de Advocacia, CNPJ n. 31.883.604\/0001-57, a privacidade e seguran\u00e7a s\u00e3o prioridades e seus integrantes se comprometem com a transpar\u00eancia do tratamento de dados pessoais dos clientes. Por isso, editamos a nossa Pol\u00edtica de Privacidade, atualizada de acordo com&#8230;<\/p>\n<p><a class=\"read-more\" href=\"https:\/\/andreavizzotto.adv.br\/index.php\/politica-de-privacidade\/\">Ler mais<\/a><\/p>\n","protected":false},"author":1,"featured_media":0,"parent":0,"menu_order":0,"comment_status":"closed","ping_status":"open","template":"","meta":{"site-sidebar-layout":"default","site-content-layout":"default","ast-site-content-layout":"default","site-content-style":"default","site-sidebar-style":"default","ast-global-header-display":"","ast-banner-title-visibility":"","ast-main-header-display":"","ast-hfb-above-header-display":"","ast-hfb-below-header-display":"","ast-hfb-mobile-header-display":"","site-post-title":"","ast-breadcrumbs-content":"","ast-featured-img":"","footer-sml-layout":"","ast-disable-related-posts":"","theme-transparent-header-meta":"default","adv-header-id-meta":"","stick-header-meta":"","header-above-stick-meta":"","header-main-stick-meta":"","header-below-stick-meta":"","astra-migrate-meta-layouts":"default","ast-page-background-enabled":"default","ast-page-background-meta":{"desktop":{"background-color":"","background-image":"","background-repeat":"repeat","background-position":"center center","background-size":"auto","background-attachment":"scroll","background-type":"","background-media":"","overlay-type":"","overlay-color":"","overlay-opacity":"","overlay-gradient":""},"tablet":{"background-color":"","background-image":"","background-repeat":"repeat","background-position":"center center","background-size":"auto","background-attachment":"scroll","background-type":"","background-media":"","overlay-type":"","overlay-color":"","overlay-opacity":"","overlay-gradient":""},"mobile":{"background-color":"","background-image":"","background-repeat":"repeat","background-position":"center center","background-size":"auto","background-attachment":"scroll","background-type":"","background-media":"","overlay-type":"","overlay-color":"","overlay-opacity":"","overlay-gradient":""}},"ast-content-background-meta":{"desktop":{"background-color":"var(--ast-global-color-5)","background-image":"","background-repeat":"repeat","background-position":"center center","background-size":"auto","background-attachment":"scroll","background-type":"","background-media":"","overlay-type":"","overlay-color":"","overlay-opacity":"","overlay-gradient":""},"tablet":{"background-color":"var(--ast-global-color-5)","background-image":"","background-repeat":"repeat","background-position":"center center","background-size":"auto","background-attachment":"scroll","background-type":"","background-media":"","overlay-type":"","overlay-color":"","overlay-opacity":"","overlay-gradient":""},"mobile":{"background-color":"var(--ast-global-color-5)","background-image":"","background-repeat":"repeat","background-position":"center center","background-size":"auto","background-attachment":"scroll","background-type":"","background-media":"","overlay-type":"","overlay-color":"","overlay-opacity":"","overlay-gradient":""}},"footnotes":""},"class_list":["post-1579","page","type-page","status-publish","hentry"],"aioseo_notices":[],"_links":{"self":[{"href":"https:\/\/andreavizzotto.adv.br\/index.php\/wp-json\/wp\/v2\/pages\/1579","targetHints":{"allow":["GET"]}}],"collection":[{"href":"https:\/\/andreavizzotto.adv.br\/index.php\/wp-json\/wp\/v2\/pages"}],"about":[{"href":"https:\/\/andreavizzotto.adv.br\/index.php\/wp-json\/wp\/v2\/types\/page"}],"author":[{"embeddable":true,"href":"https:\/\/andreavizzotto.adv.br\/index.php\/wp-json\/wp\/v2\/users\/1"}],"replies":[{"embeddable":true,"href":"https:\/\/andreavizzotto.adv.br\/index.php\/wp-json\/wp\/v2\/comments?post=1579"}],"version-history":[{"count":1,"href":"https:\/\/andreavizzotto.adv.br\/index.php\/wp-json\/wp\/v2\/pages\/1579\/revisions"}],"predecessor-version":[{"id":1581,"href":"https:\/\/andreavizzotto.adv.br\/index.php\/wp-json\/wp\/v2\/pages\/1579\/revisions\/1581"}],"wp:attachment":[{"href":"https:\/\/andreavizzotto.adv.br\/index.php\/wp-json\/wp\/v2\/media?parent=1579"}],"curies":[{"name":"wp","href":"https:\/\/api.w.org\/{rel}","templated":true}]}}